{"id":3560,"date":"2026-05-13T08:50:57","date_gmt":"2026-05-13T08:50:57","guid":{"rendered":"https:\/\/bloodsugarblaster.link\/lalaatelierinstitucional\/?post_type=product&#038;p=3560"},"modified":"2026-06-30T16:06:29","modified_gmt":"2026-06-30T16:06:29","slug":"do-quente-ao-frio","status":"publish","type":"product","link":"https:\/\/lalatelier.com\/en\/product\/do-quente-ao-frio\/","title":{"rendered":"Do Quente ao Frio"},"content":{"rendered":"","protected":false},"excerpt":{"rendered":"<p><strong>Medidas:<\/strong> 1.50 x 1.00 m<br \/>\n<strong>T\u00e9cnica:<\/strong> Acr\u00edlico sobre tela, com texturas org\u00e2nicas<\/p>\n<p><strong>Descri\u00e7\u00e3o:<\/strong><br \/>\n\u201cDo Quente ao Frio\u201d nasceu do meu fasc\u00ednio pelos contrastes, por esse encontro entre for\u00e7as diferentes que, em vez de se anularem, se revelam.<\/p>\n<p>Os tons quentes avan\u00e7am com presen\u00e7a, quase pulsando, carregando intensidade, energia e movimento. J\u00e1 as nuances frias se expandem de forma mais silenciosa, criando respiro, profundidade e perman\u00eancia. S\u00e3o naturezas distintas, mas que se reconhecem e se acolhem dentro da mesma paisagem.<\/p>\n<p><span class=\"NormalTextRun SCXW118333939 BCX0\">Enquanto constru\u00eda essa obra,\u00a0<\/span><span class=\"NormalTextRun SCXW118333939 BCX0\">fui percebendo esse di\u00e1logo d<\/span><span class=\"NormalTextRun SCXW118333939 BCX0\">iante de mim, como se cada cor encontrasse seu lugar de forma natural<\/span><span class=\"NormalTextRun SCXW118333939 BCX0\">. Entre esses dois extremos<\/span>\u00a0nasce um espa\u00e7o de equil\u00edbrio: um ponto sutil onde tudo se harmoniza, onde o contraste deixa de ser conflito e passa a ser complemento.<\/p>\n<p>\u201cDo Quente ao Frio\u201d \u00e9 sobre essa travessia: reconhecer as diferen\u00e7as, permitir o di\u00e1logo e confiar que, no meio, sempre existe um lugar de equil\u00edbrio.<\/p>","protected":false},"featured_media":3709,"comment_status":"open","ping_status":"closed","template":"","meta":[],"product_brand":[],"product_cat":[73],"product_tag":[],"class_list":["post-3560","product","type-product","status-publish","has-post-thumbnail","product_cat-vibrart","first","instock","featured","sold-individually","shipping-taxable","product-type-simple"],"aioseo_notices":[],"_links":{"self":[{"href":"https:\/\/lalatelier.com\/en\/wp-json\/wp\/v2\/product\/3560","targetHints":{"allow":["GET"]}}],"collection":[{"href":"https:\/\/lalatelier.com\/en\/wp-json\/wp\/v2\/product"}],"about":[{"href":"https:\/\/lalatelier.com\/en\/wp-json\/wp\/v2\/types\/product"}],"replies":[{"embeddable":true,"href":"https:\/\/lalatelier.com\/en\/wp-json\/wp\/v2\/comments?post=3560"}],"wp:featuredmedia":[{"embeddable":true,"href":"https:\/\/lalatelier.com\/en\/wp-json\/wp\/v2\/media\/3709"}],"wp:attachment":[{"href":"https:\/\/lalatelier.com\/en\/wp-json\/wp\/v2\/media?parent=3560"}],"wp:term":[{"taxonomy":"product_brand","embeddable":true,"href":"https:\/\/lalatelier.com\/en\/wp-json\/wp\/v2\/product_brand?post=3560"},{"taxonomy":"product_cat","embeddable":true,"href":"https:\/\/lalatelier.com\/en\/wp-json\/wp\/v2\/product_cat?post=3560"},{"taxonomy":"product_tag","embeddable":true,"href":"https:\/\/lalatelier.com\/en\/wp-json\/wp\/v2\/product_tag?post=3560"}],"curies":[{"name":"wp","href":"https:\/\/api.w.org\/{rel}","templated":true}]}}

<p><strong>Medidas:</strong> 1.50 x 1.00 m<br />
<strong>Técnica:</strong> Acrílico sobre tela, com texturas orgânicas</p>
<p><strong>Descrição:</strong><br />
“Do Quente ao Frio” nasceu do meu fascínio pelos contrastes, por esse encontro entre forças diferentes que, em vez de se anularem, se revelam.</p>
<p>Os tons quentes avançam com presença, quase pulsando, carregando intensidade, energia e movimento. Já as nuances frias se expandem de forma mais silenciosa, criando respiro, profundidade e permanência. São naturezas distintas, mas que se reconhecem e se acolhem dentro da mesma paisagem.</p>
<p><span class="NormalTextRun SCXW118333939 BCX0">Enquanto construía essa obra, </span><span class="NormalTextRun SCXW118333939 BCX0">fui percebendo esse diálogo d</span><span class="NormalTextRun SCXW118333939 BCX0">iante de mim, como se cada cor encontrasse seu lugar de forma natural</span><span class="NormalTextRun SCXW118333939 BCX0">. Entre esses dois extremos</span> nasce um espaço de equilíbrio: um ponto sutil onde tudo se harmoniza, onde o contraste deixa de ser conflito e passa a ser complemento.</p>
<p>“Do Quente ao Frio” é sobre essa travessia: reconhecer as diferenças, permitir o diálogo e confiar que, no meio, sempre existe um lugar de equilíbrio.</p>
